 the remainder when 650627 is divided by 198?
197
Calculate the remainder when 27356 is divided by 391.
377
What is the remainder when 46631 is divided by 3584?
39
Calculate the remainder when 21095 is divided by 252.
179
What is the remainder when 6394 is divided by 795?
34
What is the remainder when 8846 is divided by 13?
6
What is the remainder when 6025 is divided by 68?
41
What is the remainder when 3353025 is divided by 42?
39
What is the remainder when 10634 is divided by 3527?
53
What is the remainder when 1289 is divided by 193?
131
What is the remainder when 10491 is divided by 5153?
185
Calculate the remainder when 160858 is divided by 10.
8
Calculate the remainder when 418 is divided by 391.
27
What is the remainder when 18372 is divided by 1310?
32
What is the remainder when 1954 is divided by 143?
95
Calculate the remainder when 93 is divided by 71.
22
What is the remainder when 5569 is divided by 133?
116
What is the remainder when 4421 is divided by 2172?
77
What is the remainder when 675700 is divided by 67569?
10
Calculate the remainder when 96709 is divided by 18.
13
Calculate the remainder when 1386 is divided by 153.
9
What is the remainder when 97683 is divided by 162?
159
What is the remainder when 1176 is divided by 12?
0
What is the remainder when 100897 is divided by 2?
1
What is the remainder when 11605 is divided by 264?
253
What is the remainder when 42550 is divided by 35?
25
Calculate the remainder when 5279 is divided by 527.
9
Calculate the remainder when 3386 is divided by 1112.
50
Calculate the remainder when 357275 is divided by 70.
65
Calculate the remainder when 150031 is divided by 37503.
19
What is the remainder when 106004 is divided by 19?
3
What is the remainder when 35524 is divided by 1652?
832
What is the remainder when 849 is divided by 353?
143
What is the remainder when 174204 is divided by 244?
232
What is the remainder when 714 is divided by 126?
84
What is the remainder when 82086 is divided by 13676?
30
Calculate the remainder when 20204 is divided by 10028.
148
What is the remainder when 735 is divided by 34?
21
Calculate the remainder when 2208 is divided by 158.
154
What is the remainder when 3586 is divided by 889?
30
What is the remainder when 1501664 is divided by 708?
704
What is the remainder when 2566 is divided by 1738?
828
Calculate the remainder when 421 is divided by 20.
1
Calculate the remainder when 777 is divided by 31.
2
What is the remainder when 5704063 is divided by 12?
7
Calculate the remainder when 43401 is divided by 193.
169
Calculate the remainder when 31824 is divided by 949.
507
What is the remainder when 530 is divided by 20?
10
Calculate the remainder when 82337 is divided by 23.
20
What is the remainder when 11125 is divided by 232?
221
Calculate the remainder when 1910 is divided by 454.
94
Calculate the remainder when 8958 is divided by 1304.
1134
What is the remainder when 9648 is divided by 275?
23
Calculate the remainder when 32845 is divided by 82.
45
What is the remainder when 421 is divided by 14?
1
Calculate the remainder when 91635 is divided by 2036.
15
What is the remainder when 1570 is divided by 355?
150
Calculate the remainder when 3778 is divided by 82.
6
What is the remainder when 217464 is divided by 13?
0
What is the remainder when 48330 is divided by 212?
206
Calculate the remainder when 35645 is divided by 3959.
14
What is the remainder when 9704 is divided by 1185?
224
Calculate the remainder when 20235 is divided by 125.
110
What is the remainder when 386847 is divided by 400?
47
What is the remainder when 3507 is divided by 179?
106
What is the remainder when 58841 is divided by 626?
623
What is the remainder when 576544 is divided by 1652?
1648
What is the remainder when 657 is divided by 103?
39
What is the remainder when 30779 is divided by 27?
26
Calculate the remainder when 35086 is divided by 24.
22
Calculate the remainder when 10738 is divided by 513.
478
What is the remainder when 157127 is divided by 78535?
57
Calculate the remainder when 2866278 is divided by 11.
8
Calculate the remainder when 272848 is divided by 45469.
34
Calculate the remainder when 3852 is divided by 31.
8
Calculate the remainder when 9995 is divided by 356.
27
What is the remainder when 19620 is divided by 211?
208
Calculate the remainder when 92460 is divided by 259.
256
Calculate the remainder when 5689 is divided by 566.
29
Calculate the remainder when 17164 is divided by 8550.
64
Calculate the remainder when 71324 is divided by 89.
35
What is the remainder when 27524 is divided by 6817?
256
What is the remainder when 5038 is divided by 200?
38
Calculate the remainder when 133551 is divided by 371.
362
What is the remainder when 5873 is divided by 1166?
43
Calculate the remainder when 12013 is divided by 622.
195
What is the remainder when 120790 is divided by 88?
54
Calculate the remainder when 20009 is divided by 6640.
89
What is the remainder when 86538 is divided by 101?
82
What is the remainder when 5454 is divided by 1902?
1650
What is the remainder when 156455 is divided by 72?
71
What is the remainder when 85983 is divided by 432?
15
Calculate the remainder when 164879 is divided by 36.
35
What is the remainder when 925917 is divided by 37?
29
Calculate the remainder when 9338 is divided by 1020.
158
What is the remainder when 2458 is divided by 190?
178
Calculate the remainder when 33905 is divided by 12.
5
What is the remainder when 531607 is divided by 88?
87
What is the remainder when 1731 is divided by 72?
3
What is the remainder when 82655 is divided by 996?
983
What is the remainder when 146369 is divided by 827?
817
What is the remainder when 1214 is divided by 616?
598
What is the remainder when 4382 is divided by 4367?
15
What is the remainder when 1333 is divided by 167?
164
Calculate the remainder when 33478 is divided by 33449.
29
What is the remainder when 6241 is divided by 6075?
166
Calculate the remainder when 2749 is divided by 577.
441
Calculate the remainder when 7076 is divided by 1009.
13
What is the remainder when 190890 is divided by 385?
315
What is the remainder when 10436 is divided by 3466?
38
Calculate the remainder when 1372441 is divided by 343107.
13
What is the remainder when 79827 is divided by 79?
37
Calculate the remainder when 17547 is divided by 5847.
6
Calculate the remainder when 17048 is divided by 416.
408
What is the remainder when 745 is divided by 34?
31
Calculate the remainder when 21413 is divided by 11.
7
Calculate the remainder when 298077 is divided by 72.
69
Calculate the remainder when 137814 is divided by 13775.
64
What is the remainder when 711 is divided by 528?
183
What is the remainder when 1423019 is divided by 1178?
1173
What is the remainder when 13989 is divided by 133?
24
What is the remainder when 432971 is divided by 15?
11
What is the remainder when 518838 is divided by 48?
6
Calculate the remainder when 7032 is divided by 13.
12
Calculate the remainder when 6888 is divided by 6800.
88
Calculate the remainder when 207311 is divided by 82.
15
What is the remainder when 20030506 is divided by 47?
46
What is the remainder when 1115 is divided by 770?
345
What is the remainder when 10951 is divided by 192?
7
Calculate the remainder when 1129 is divided by 1127.
2
What is the remainder when 5275 is divided by 2600?
75
Calculate the remainder when 10767 is divided by 10752.
15
Calculate the remainder when 173703 is divided by 12.
3
Calculate the remainder when 3225 is divided by 64.
25
Calculate the remainder when 636109 is divided by 29.
23
Calculate the remainder when 633596 is divided by 11.
7
What is the remainder when 6308 is divided by 963?
530
Calculate the remainder when 6678 is divided by 6624.
54
Calculate the remainder when 8466 is divided by 2757.
195
What is the remainder when 40225 is divided by 76?
21
What is the remainder when 2219 is divided by 72?
59
Calculate the remainder when 7593 is divided by 185.
8
Calculate the remainder when 205099 is divided by 14.
13
Calculate the remainder when 7437 is divided by 827.
821
Calculate the remainder when 42829 is divided by 3569.
1
Calculate the remainder when 35368 is divided by 292.
36
Calculate the remainder when 22888 is 